what is 7 - -450517?
450525
In base 10, what is -4 - -2168?
2164
In base 5, what is -21033 - 2?
-21040
In base 6, what is 2545 - -141?
3130
In base 2, what is -100 + 101111101010000001110?
101111101010000001010
In base 3, what is -2120220 + -10110?
-2201100
In base 4, what is 20302031031 + 0?
20302031031
In base 5, what is -24 - 1002204?
-1002233
In base 16, what is 67 - 1e?
49
In base 3, what is 1122210011020 - -11?
1122210011101
In base 4, what is -11 - -1112331?
1112320
In base 8, what is -23354 - 545?
-24121
In base 3, what is 101 + -10002000?
-10001122
In base 14, what is -dd2 + ba?
-d16
In base 6, what is -2305 - 14133?
-20442
In base 14, what is 147 - -259?
3a2
In base 11, what is 7 + 39a085?
39a091
In base 7, what is 6321 - -3?
6324
In base 8, what is 222 + 1507?
1731
In base 13, what is -39b2a - -5?
-39b25
In base 9, what is 0 + 7258?
7258
In base 2, what is 11100100101111 - -11?
11100100110010
In base 10, what is -43668 + -4?
-43672
In base 9, what is -215532 + -4?
-215536
In base 11, what is -600 - -311?
-29a
In base 12, what is 1aba80 - -5?
1aba85
In base 13, what is -119a + -16?
-11b3
In base 8, what is 12145 + -11?
12134
In base 6, what is 23 - 313304?
-313241
In base 7, what is 3261500 - 3?
3261464
In base 15, what is -7d2e - -5?
-7d29
In base 4, what is -220231133 - 0?
-220231133
In base 7, what is 1605 - -315?
2223
In base 3, what is 2 - -112212112121?
112212112200
In base 4, what is 3323 + 33013?
103002
In base 3, what is -122 - 1111212020?
-1111212212
In base 8, what is 661705 - 3?
661702
In base 7, what is -26 - -210?
151
In base 5, what is -1133411 + -21?
-1133432
In base 4, what is -33210 + 100?
-33110
In base 11, what is -939 + 58?
-891
In base 15, what is 34 + -10b6?
-1082
In base 8, what is 22 + -275?
-253
In base 7, what is 2 - 3651522?
-3651520
In base 16, what is -116930 + 4?
-11692c
In base 16, what is -2 + dda5?
dda3
In base 2, what is -10 - -1010001000111010?
1010001000111000
In base 11, what is -19948 - 0?
-19948
In base 2, what is -11110 - -110110100011?
110110000101
In base 15, what is 0 - -dc01?
dc01
In base 6, what is -11314 - -3031?
-4243
In base 16, what is -2ad + -1b6?
-463
In base 3, what is -20002110120 + 1?
-20002110112
In base 16, what is 8a + -148?
-be
In base 13, what is 32275a - -1?
32275b
In base 6, what is 1413 + 11210?
13023
In base 16, what is -2 - -256?
254
In base 16, what is -3dc - -a43?
667
In base 3, what is -11220021220002 - 2?
-11220021220011
In base 4, what is -1232033 + -22312?
-1321011
In base 6, what is 103542142 - 1?
103542141
In base 11, what is -38823 - -5?
-38819
In base 13, what is -a45 - 28?
-a70
In base 14, what is 2 + 2a24d3?
2a24d5
In base 9, what is -186126 - -1?
-186125
In base 2, what is 11110010011 - -101?
11110011000
In base 3, what is 2122 + 202212?
212111
In base 6, what is 3 + -2350411?
-2350404
In base 15, what is 209078 - 1?
209077
In base 3, what is -201202 + -21210?
-1000112
In base 4, what is 111 + -20202010?
-20201233
In base 4, what is -1001223 - 21?
-1001310
In base 13, what is 49c59 + 1?
49c5a
In base 14, what is -1d9 + -257d?
-2778
In base 15, what is -15d0 + 4?
-15cb
In base 6, what is 223 - -54144?
54411
In base 14, what is -2 - -b96d4?
b96d2
In base 12, what is -40 + -6708?
-6748
In base 5, what is -2012200 + -1?
-2012201
In base 11, what is -2aa149 + -3?
-2aa151
In base 9, what is 5 + -8645?
-8640
In base 6, what is -34 - -20320?
20242
In base 2, what is -101110001 + 110101?
-100111100
In base 3, what is 0 - 1002200212?
-1002200212
In base 16, what is -1f7b5b + 4?
-1f7b57
In base 8, what is -4131 + -1?
-4132
In base 16, what is -14 - 638?
-64c
In base 12, what is 807 - 45?
782
In base 10, what is 15777 + -7?
15770
In base 6, what is 451033 + -1?
451032
In base 15, what is -8eb0 + -9?
-8eb9
In base 3, what is -11 + 220112001?
220111220
In base 5, what is 3132304 - -1?
3132310
In base 6, what is -122553 - 0?
-122553
In base 5, what is -20012 - 4141?
-24203
In base 3, what is 20002101 - -2121?
20011222
In base 12, what is 10a837 - 0?
10a837
In base 10, what is -22343 - 3?
-22346
In base 6, what is 1323415 - 1?
1323414
In base 11, what is -3 - 11a2a?
-11a32
In base 4, what is -1010033 - -21?
-1010012
In base 6, what is -23 - 1031202?
-1031225
In base 2, what is -101001 + -1011100101101?
-1011101010110
In base 13, what is 18 - -929?
944
In base 9, what is 50417 + 5?
50423
In base 4, what is -3113 - 2213?
-11332
In base 3, what is 10121010202 - 20?
10121010112
In base 2, what is 111110000100000 + -1011?
111110000010101
In base 6, what is 33 - 1435?
-1402
In base 16, what is 4 - 13021f?
-13021b
In base 14, what is 210c7 + -29?
2109c
In base 7, what is -54203 + -11?
-54214
In base 2, what is -100110 - 1101100010?
-1110001000
In base 7, what is 212 + -6115?
-5603
In base 7, what is -252 + -3351?
-3633
In base 12, what is -842bb + 5?
-842b6
In base 13, what is 19 + 3403?
341c
In base 2, what is -1101010 - -110010011011?
110000110001
In base 3, what is 1 - 2202221212?
-2202221211
In base 5, what is 30340013 + -1?
30340012
In base 7, what is 503 + 121?
624
In base 12, what is -3 - 12368?
-1236b
In base 14, what is -748 + -4?
-74c
In base 10, what is 3886 - 69?
3817
In base 9, what is 1313 + -12?
1301
In base 10, what is 999652 - -3?
999655
In base 16, what is 8564a - 3?
85647
In base 15, what is -a + -1208?
-1213
In base 15, what is -5 + 1272d?
12728
In base 15, what is -2146 - -4?
-2142
In base 9, what is -10708 - -331?
-10367
In base 11, what is 17 + -215?
-1a9
In base 4, what is -11 + 13323?
13312
In base 13, what is 1b76 + -143?
1a33
In base 15, what is 14a + -9ea?
-8a0
In base 3, what is -100022011120 + 0?
-100022011120
In base 14, what is 155d6 + 1?
155d7
In base 2, what is -100101111101100 - -1?
-100101111101011
In base 5, what is -114343 - -122?
-114221
In base 3, what is 201111120 - -10012?
201121202
In base 10, what is 3 + -99530?
-99527
In base 11, what is 777440 + -5?
777436
In base 11, what is a + 526a0?
526aa
In base 16, what is -5 - ccd3?
-ccd8
In base 3, what is -102210 + -1020?
-111000
In base 15, what is -8b4 + -237?
-aeb
In base 10, what is -74141 - 2?
-74143
In base 5, what is -33420142 + 4?
-33420133
In base 11, what is 131a471 - -5?
131a476
In base 13, what is 62 + a12?
a74
In base 7, what is 105155605 - -3?
105155611
In base 10, what is 69 - -11495?
11564
In base 13, what is -c2b + -61?
-c8c
In base 15, what is 1d1 - -53?
234
In base 6, what is 13 + -41025?
-41012
In base 6, what is -310332 - 113?
-310445
In base 10, what is 0 + -215708?
-215708
In base 5, what is 4 + 1234342?
1234401
In base 7, what is -34013 - -124?
-33556
In base 5, what is -1042 - 341342?
-342434
In base 5, what is 14012 + 14240?
33302
In base 6, what is 1 - 4443332?
-4443331
In base 12, what is -29669 + 0?
-29669
In base 5, what is -324 - 3012?
-3341
In base 13, what is 1b2556 - 5?
1b2551
In base 12, what is 4 - 1500b?
-15007
In base 9, what is -8612 + -181?
-8803
In base 13, what is 6a - 8833?
-8796
In base 11, what is 295 + -12?
283
In base 8, what is -721 - -6525?
5604
In base 11, what is -2a + 16671?
16642
In base 8, what is 366607 + 10?
366617
In base 9, what is 651 - -645?
1406
In base 16, what is -4 + 717f?
717b
In base 2, what is -1 + -10000111101101001?
-10000111101101010
In base 2, what is 100011111001100110110 - 101?
100011111001100110001
In base 4, what is -332300233 - 10?
-332300303
In base 11, what is 8 - 76959?
-76951
In base 4, what is 32103 - 101?
32002
In base 9, what is -108445 + 5?
-108440
In base 14, what is 4 - 48c6?
-48c2
In base 5, what is 1140 - 22442?
-21302
In base 5, what is -1110040 + -200?
-1110240
In base 11, what is -686 - 382?
-a58
In base 3, what is -1010 + -210012?
-211022
In base 8, what is -646625 - -10?
-646615
In base 3, what is 11 + 11121120120?
11121120201
In base 16, what is 82 + 20a?
28c
In base 8, what is -541370 - 14?
-541404
In base 12, what is -167 + -35a1?
-3748
In base 9, what is -6170658 + -4?
-6170663
In base 4, what is 1301133323 - 10?
1301133313
In base 6, what is 0 + 14014135?
14014135
In base 14, what is 3 - 106512?
-10650d
In base 2, what is 111 - -10000100101110?
10000100110101
In base 10, what is -37716 - -1?
-37715
In base 6, what is 2224 - -22105?
24333
In base 2, what is 101 + 1101101001110100?
11011010011